10*z**2 + 3*z + 1. What is the hundreds digit of s(9)?
1
Suppose -4*m - m = 5*l - 355, 4*l - 274 = m. What is the tens digit of l?
6
Suppose 0 = -5*k + 10, 0 = -4*h - 3*k - 0*k - 254. Let l = -38 - h. What is the tens digit of l?
2
Suppose -21*a + 10 = -16*a. Suppose 3*u - 104 = -a. What is the tens digit of u?
3
Let k be (2 - 1 - -25)*1. Suppose -5*n - k = -86. What is the tens digit of n?
1
Suppose -4*y + d + 97 = 0, 25 = -2*y - 4*d + 87. What is the tens digit of y?
2
Suppose -1 = 5*u + 19. Let x = u + 4. Suppose 5*c - 57 = s + s, x = 4*c - 2*s - 46. What is the units digit of c?
1
What is the units digit of (-12)/(-30) - 113/(-5)?
3
Let y(a) = a. Let s(v) = -5*v - 1. Let g(q) = s(q) + 6*y(q). Suppose 0*t + t = 8. What is the units digit of g(t)?
7
Let m = -3 + 11. Suppose -4*h + m = -24. Suppose -17 = 3*w + 5*l - h, 5*w + 5*l = -5. What is the units digit of w?
2
Let h(i) = i**3 - 2*i**2 + i - 5. What is the units digit of h(4)?
1
Suppose 2*w - 7*w = 3*c, 5*w + 10 = -5*c. Let l = -4 - c. What is the units digit of l?
1
Suppose 3*f + 3*y = -84, -3*y = f - 2*f - 44. Let j be 4/(-14) + f/(-14). Suppose 0 = -3*b - 3, j*a + 0*b = -4*b + 4. What is the units digit of a?
4
Suppose -3*a - 3*u + 8 = -4, 5*a = 4*u + 20. Suppose -4*d + 28 + a = 0. What is the units digit of d?
8
Let j = -19 + 19. Let k be (-4)/(-6) + 20/6. Suppose j*c + 44 = k*c. What is the tens digit of c?
1
Let m(o) = o - 5. Let w be m(5). Let t = w + 5. Suppose -4*g + 1 = t*z, -z = -g - 4*z - 5. What is the units digit of g?
4
Suppose 0*s - 260 = -4*j + 5*s, 3*s = 3*j - 192. What is the units digit of j?
0
Let w(x) = -16*x**3 + 46*x**2 + 40*x + 36. Let b(m) = 3*m**3 - 9*m**2 - 8*m - 7. Let l(o) = -11*b(o) - 2*w(o). What is the units digit of l(8)?
5
Let r = 59 - 25. What is the units digit of r?
4
What is the hundreds digit of (-1214)/(-10) + 1 + (-3)/(-5)?
1
Let y(a) = -a**3 - a**2 + a - 1. Let n be y(-2). Let o = 2 + n. Suppose -o*g - 2 + 29 = 0. What is the units digit of g?
9
Suppose -3*f + 474 = 5*r, -4*r + 3*f = 8*f - 387. What is the tens digit of r?
9
Suppose 18 = 2*r + 4*v, 0 = 3*r - 3*v + 4*v - 12. Let m = r - -3. What is the units digit of m?
6
Let l = -111 + 199. Let b be 2/(-5) - l/(-20). Suppose -28 = -b*h - 0*h. What is the units digit of h?
7
Let w(y) = -y**3 + 3*y**2 + 4*y + 4. What is the units digit of w(4)?
4
Let g(x) = 2*x**2 + x - 4. Suppose 8*u + 12 = 4*u. What is the units digit of g(u)?
1
Suppose l - 15 = -d + 4*l, -4*l = 2*d + 10. Suppose 4*v = -d*a + 45, 0 = -2*v + 5*a - 3*a + 12. What is the units digit of v?
9
Let f(r) = -21*r**3 - r**2. Let z be f(-1). Suppose -z = -0*n - 5*n. Suppose n*x = 3*x + 6. What is the units digit of x?
6
Let o(g) = -2*g**2 + g + 3. Suppose -4*t + 5 + 12 = -3*c, c - 6 = -t. Let p be o(t). What is the units digit of ((-1)/(-3))/((-2)/p)?
7
Let a(u) = u + u + u**2 - 4 + 0*u**2. Let t be a(-4). Suppose 9*j - 5 = t*j, -k - j = -4. What is the units digit of k?
3
Suppose 0*c + 2*q - 5 = -3*c, 0 = c - 5*q - 13. Suppose 1 - 7 = -c*u. Let i(x) = -x**3 + 3*x**2 - 2. What is the units digit of i(u)?
2
Let w be (2/(-4))/((-1)/12). Suppose 7*y = 6*y. Suppose 2*r - 4*j + w = 0, 4*r + 2*j - j - 24 = y. What is the units digit of r?
5
Let s = -55 + 92. What is the tens digit of s?
3
Suppose 2*b = 4*a - 4, -5*a = -2*b - 0*b - 6. Let m be ((-1)/2)/(b/(-24)). Suppose 2*x - 19 = 5*h + 2, h - m = -3*x. What is the units digit of x?
3
Suppose -c = 3*c - 44. Suppose 3*p - 22 - c = 0. What is the units digit of p?
1
Suppose -204 = 4*m - o, -4*o + 49 - 253 = 4*m. What is the tens digit of m/((-9)/6 + 0)?
3
Let l = 2 + 1. Suppose 36 = l*n - 12. What is the units digit of n?
6
Suppose 0 = u + 1 - 3. Let x be 2/(-4)*(0 + u). What is the units digit of 6*3*x/(-6)?
3
Let r be -23 - (-2)/2 - 0. Let a = r - -40. What is the units digit of a?
8
Suppose -5*h - 47 = b, 3*h = 5*h + 4*b + 8. What is the units digit of (h - -2)*(-15)/12?
0
Suppose 2*l = -l - 15. Let q be l*((-8)/5 - -1). Suppose 2*r + q = 5. What is the units digit of r?
1
Suppose -63 - 32 = -5*d. Let c = d + -13. What is the units digit of c?
6
Let y = -26 + 44. What is the tens digit of y*((-18)/(-4) - 3)?
2
What is the tens digit of 70*((-14)/(-7) - (-6)/(-5))?
5
Suppose -5*b - 12 = -3*b. Let n = b - -11. Let u = n - 4. What is the units digit of u?
1
Let y be (0 - (-1 - -2)) + 1. Suppose y = -b + 3*x + 10 + 9, -41 = -4*b + 5*x. Suppose -4*m = b*o - o - 27, 22 = 2*o + 4*m. What is the units digit of o?
5
Let v = -2 + 6. What is the units digit of v?
4
Suppose 3*l - 31 = 2*m + 162, 2*m = -2*l + 112. What is the units digit of l?
1
Let z(m) = -m**2 + 5*m + 8. Let x be z(7). What is the units digit of (x/(-4))/((-5)/(-50))?
5
Let o = 172 + -100. What is the tens digit of o?
7
Suppose 0 = h + 3*b - 2, -5*h + 10 = -5*b. What is the units digit of h?
2
Let t = 57 + 3. Suppose -t = 5*z + 2*h, 3*z + 2*z - 2*h = -40. What is the units digit of 8/3 + z/15?
2
Suppose 3 - 9 = -2*t. Suppose 0*u - t*u + 12 = 0. Suppose 0 = u*q - 32 + 8. What is the units digit of q?
6
Let z = 18 - 13. What is the units digit of z?
5
What is the tens digit of 118 + (-2 - (-8)/(-1 - -3))?
2
Let n be ((-72)/14)/(10/(-105)). Suppose 5*m + 2*t = 78 + n, -3*m + 79 = t. What is the tens digit of m?
2
Let b(q) = q**3 + 7*q**2 + q + 4. Suppose 0 = -4*a - 5*i - 38, 8 = -4*a - i - 22. Let x be b(a). What is the units digit of x/(-15) + 39/5?
8
Let g be (-10)/(-4)*4/(-2). What is the units digit of (-18)/g + (-10)/(-25)?
4
Suppose 0*c + 30 = -5*c. Let h(w) = -2*w**2 - 3 + w**2 - 5*w - 2*w. What is the units digit of h(c)?
3
Let c(j) = j. Let t(z) = -2*z - 1. Let d(w) = -3*c(w) - t(w). What is the units digit of d(-4)?
5
Let g = 2 + 165. What is the tens digit of g?
6
Suppose 15*t - 804 = 3*t. What is the tens digit of t?
6
Let f(k) = 5*k**2 - 6*k + 2. Let g be f(4). Let s = g - 37. What is the units digit of s?
1
Let z(g) = 11*g + 4. Let d be z(-6). Let j = -37 - d. What is the tens digit of j?
2
Suppose 0 = 7*c - 13*c + 942. What is the hundreds digit of c?
1
Suppose z - 4*b - 31 = b, 2*z = -4*b + 6. What is the tens digit of z?
1
Let t be (-20)/(-3)*(-27)/(-2). Suppose -2*k = 3*k - t. Suppose 2 = -2*v + 6, -5*q = 4*v - k. What is the units digit of q?
2
Let q(v) = -v**3 - 2*v**2 + 2*v - 1. Let l be q(-3). Suppose -2*n - l*n + 40 = 0. What is the units digit of n?
0
What is the tens digit of (-18)/(((-8)/(-9))/(-4))?
8
Let w(i) = i - 7*i - 8*i**2 + 7*i + i**3. Suppose 5*t - 26 = 14. What is the units digit of w(t)?
8
Suppose 0 = -h + 5*o - 18, -o = -2 - 2. Suppose 0 = h*n - 5*n. Suppose n - 9 = -3*p. What is the units digit of p?
3
Suppose 2*s + 4*a - 20 = -2*s, -3*s + 20 = -2*a. What is the units digit of s?
6
Suppose 9*l - 2 = 8*l. What is the units digit of -2 + (l - -7 - -2)?
9
Let n = -19 - -32. What is the tens digit of n?
1
Suppose -3*u = u - 52. Let y(z) = -27*z + 1. Let d be y(-1). Suppose -d + u = -p. What is the tens digit of p?
1
Let a(h) = h**2 + 5*h + 4. Let z be a(-4). Suppose -2*x + m - 3*m + 36 = 0, z = 5*x + 3*m - 96. What is the units digit of x?
1
What is the tens digit of (-9)/(-15) + (-1084)/(-10)?
0
Suppose -3*i + 3*j + 114 = 0, -4*i + 128 = -3*j + 5*j. What is the units digit of i?
4
Let t = -2 - -62. What is the units digit of t?
0
Let o = -22 + 0. What is the units digit of (-1)/((-64)/o - 3)?
1
Let x(m) = -m - 2. Let h be (-2)/6 - (-34)/(-6). What is the units digit of x(h)?
4
Let s(r) = 21*r**2 - r. What is the units digit of s(-1)?
2
Suppose 4*b + 80 = 8*b. Suppose 2*d - 3*g = -d + 9, -3*g = 2*d - 1. Suppose v + 20 = 2*u + d*v, u = 2*v + b. What is the tens digit of u?
1
Let q(u) = -u**3 + 10*u**2 - u + 11. Suppose -2 = 5*w - 52. What is the units digit of q(w)?
1
Suppose 5*t = 3*r - 27, 5*r = 2*t + 2*t + 32. Let i = 9 - r. What is the units digit of i?
5
Let y(j) = 2*j**2 + 5*j + 11. What is the tens digit of y(-7)?
7
Let q(l) = -2*l - 1. Let y be q(-1). Suppose y = -f, 5 - 6 = -5*c + f. Suppose 6*h - h - 15 = c. What is the units digit of h?
3
Let d be 8/(-16)*(0 - 0). Let s = d + 11. What is the units digit of s?
1
Let b(p) = p**2 + 8*p - 15. Let y be b(-12). Suppose -2*c - 2 = -2*j, -c - 5*j + y = 4. What is the units digit of c/10 + 464/40?
2
Suppose 4*v = 2*w, -w - 11 = 5*v + 2*w. Let q = -5 -